, 79
Suppose -5 = -4*u - 3*g, 4*u + 2*g - 9 = -3. Suppose -2*k + 5*k - 899 = -a, 4*k = -u*a + 1200. Suppose -427 - k = -6*b. List the prime factors of b.
11
Let r(p) = p**2 - 2*p + 1. Let z be r(3). Suppose 0 = -3*o - 12, 5*u - z*o = u - 1344. What are the prime factors of (48/40)/((-6)/u)?
2, 17
Let f(q) = 59*q**2 - 6*q - 51. What are the prime factors of f(-8)?
7, 11
Let a = -5155 + 8616. Let i = -2157 + a. What are the prime factors of i?
2, 163
Suppose 22*f - 26*f + 28 = 0. Suppose -4*p - 60 = -4*w, 0*w + f = w + 3*p. Suppose 0 = -3*s + 3*d + 81, s - 29 = 4*d + w. What are the prime factors of s?
2, 11
Let n(l) be the first derivative of -81*l**2/2 - l + 2. Suppose 5*q = -2*t - 9, -q + 0*t - t - 3 = 0. What are the prime factors of n(q)?
2, 5
What are the prime factors of 5098/2 + ((-57)/(-19))/1?
2, 11, 29
Let f be (-15 - -14)/(1/(-5647)). Suppose q = -4*c + 1150, -4*q + 4*c = -f + 967. List the prime factors of q.
2, 11, 53
List the prime factors of 4/(-3)*(-288)/(-128) - -3089.
2, 1543
Let c = -7236 + 21735. List the prime factors of c.
3, 179
Suppose 5*h = 2*g - 8, 3*h + 12 + 9 = 3*g. List the prime factors of g/3 - (0 + -2 - 130).
3, 5
Suppose -4*z - 153225 = 64*k - 69*k, 5*k = -5*z + 153225. What are the prime factors of k?
3, 5, 227
Let i = -17947 + 32656. List the prime factors of i.
3, 4903
Let l = -15 + 27. List the prime factors of (11 + -33)/((-2)/l).
2, 3, 11
Let v be 1*16 - 3/(-2 - -5). Let m = -17 + 36. Suppose v*j - m*j = -988. What are the prime factors of j?
13, 19
Let s = -2357 - -4936. List the prime factors of s.
2579
Suppose 6*a + 7 - 31 = 0. Suppose -a = z, 5*k + z = -1132 + 3918. What are the prime factors of k?
2, 3, 31
Let v = -258 - -263. Suppose v*p + 0*b - 1302 = 4*b, -1304 = -5*p + 3*b. What are the prime factors of p?
2, 131
Suppose 11*s - 5 = 523. Suppose 43*c - s*c = -2395. List the prime factors of c.
479
Suppose 2*s = -3*s + 15. Suppose -s*d + 3*d + d = 0. Suppose -2*y + 116 + 114 = d. List the prime factors of y.
5, 23
Let f = -9072 + 20468. List the prime factors of f.
2, 7, 11, 37
Let j(m) = 5*m - 80. Let k be j(17). Suppose 1637 = -3*p + 5*p - f, 0 = -k*p - 5*f + 4070. What are the prime factors of p?
19, 43
Suppose 12*x - 9798 = 29094. What are the prime factors of x?
7, 463
Let a = -3399 - -19813. List the prime factors of a.
2, 29, 283
Let u = -7 + 2. Let v(l) = -2*l**3 + 3*l + 6. Let i be v(u). Let h = i - 132. What are the prime factors of h?
109
Suppose -109209 + 401829 = 12*l. List the prime factors of l.
5, 4877
Suppose 28*d - 41*d + 65 = 0. Suppose -d*p + 4*g + 382 = 2*g, -p + 2*g = -78. List the prime factors of p.
2, 19
Suppose 2441*p + 29502 = 2450*p. List the prime factors of p.
2, 11, 149
Let t be -16*(-6)/((-36)/3). Let i(m) = -m**3 - 6*m**2 - 10*m + 6. List the prime factors of i(t).
2, 107
Suppose -4*d + 268 + 142 = -2*v, 0 = d - 5*v - 107. What are the prime factors of d?
2, 3, 17
List the prime factors of (-6715)/51*(-21 - -6).
5, 79
Suppose 805243 = 16*x - 4*x + 17*x. List the prime factors of x.
27767
Let h be (-60)/(-9)*(14040/25)/9. Suppose 3*n = -2*u + h, -1744 = -5*u + 4*n - 681. List the prime factors of u.
211
Let g be (8 - 0)*(-14)/(112/6). Let l(j) = 13*j + 6*j**2 + 2 - 1 + 3. What are the prime factors of l(g)?
2, 71
Let k(f) = -5*f**2 - 12*f - 2. Let r(x) = 4*x**2 + 13*x + 2. Let a(o) = -3*k(o) - 4*r(o). Let j = -176 + 171. List the prime factors of a(j).
53
Suppose -5*p + 185 = 2*i, 8*i - 170 = -5*p + 3*i. Let g = p + -36. Suppose -g*c + 221 = -4*h - 36, 5*h = c - 71. What are the prime factors of c?
7, 13
What are the prime factors of 2*(-131 + -8)*165/(-6)?
5, 11, 139
Let p(u) = u + 2. Let r = -43 + 36. Let t be p(r). What are the prime factors of t/(-10) + -1*(-94)/4?
2, 3
Let y = -18434 + 34336. What are the prime factors of y?
2, 7951
Suppose -x - 3 = -4*x, 0 = -4*w + 3*x + 49. Suppose 3970 + 2244 = w*s. What are the prime factors of s?
2, 239
Suppose 0 = 4*w - 4*b - 26660, 2*b - 3638 = -w + 3036. List the prime factors of w.
2, 1667
Let y = -68 - 98. Let l = y + 344. List the prime factors of l.
2, 89
Suppose -26*h + 16 = -36. What are the prime factors of 4/h*1 + (36 - -52)?
2, 3, 5
Let h(v) = 11155*v**2 - 97*v - 211. List the prime factors of h(-2).
13, 47, 73
Let k be (-6)/27 + 2 + 4/18. Suppose -k*n + 4*z = -104, 2*n + n - 5*z = 155. List the prime factors of n.
2, 5
Let p = 16 - 17. Let v(l) = -28*l + 5. Let s be v(p). Suppose 28*k + 780 = s*k. List the prime factors of k.
2, 3, 13
Let f(i) = 165*i - 86. List the prime factors of f(27).
17, 257
Let w = 95 + -93. Suppose 5*y - 2405 = -w*p, -2*p = -0*y - 4*y + 1942. What are the prime factors of y?
3, 7, 23
Let z(t) = t**2 - t + 3. Let a = 65 - 67. Let l be z(a). What are the prime factors of ((-3)/l)/(3 + (-1198)/399)?
7, 19
Suppose -5*b - 133 = 4*s + 20, s - 2*b + 22 = 0. Let z(c) = -15*c - 101. What are the prime factors of z(s)?
379
What are the prime factors of -45*((-4626)/135 + 16/(-12))?
2, 3, 89
Let c = 10984 + -1657. What are the prime factors of c?
3, 3109
Let q = 7 + 1. Let z(n) = -16 + 37 - n**3 - 11*n + 4*n**2 + q*n**2. List the prime factors of z(10).
3, 37
List the prime factors of (-3)/(-11) - ((-13729520)/55)/16.
2, 29, 269
Let r(o) = -6*o - 21. Suppose -4*i + 11 = 175. Let t = -55 - i. What are the prime factors of r(t)?
3, 7
Suppose 18*a - 26*a = 4896. Let g = -183 - a. What are the prime factors of g?
3, 11, 13
What are the prime factors of (-3904)/320 + 1 + 10 + (-45252)/(-10)?
2, 3, 13, 29
Let t(y) = 31*y**3 + 2*y**2 - y + 1. Let o(z) = -2*z**3 - 13*z**2 - 5*z + 8. Let x be o(-6). Let q be t(x). Let n = -158 + q. What are the prime factors of n?
97
Suppose 0 = 4*r - 2*l + 18, 0 = 3*r - l + 5 + 7. Let i(v) = 2*v - 56*v + 3 - 2*v - 5*v. List the prime factors of i(r).
2, 3, 31
Suppose -4*z = -5*t - 203, -212 = z - 5*z - 4*t. Let d = -4419 - -4393. Let n = z + d. List the prime factors of n.
2, 13
Let o(q) = 4*q**2 + 3*q + 12. Let w be 11/(-22) + (1395/(-6))/3. Let z = 86 + w. What are the prime factors of o(z)?
2, 73
Let c(w) = w**2 - 4*w - 2. Let m be c(5). Suppose 2*a = -k - 3*a + 24, 0 = 2*k - m*a + 4. List the prime factors of 316/k + (1 - 3).
7, 11
Suppose n + 3*m + 31 = 8*m, 4*n - 5*m = -169. Let r = 70 + n. List the prime factors of (-14)/((-2)/r*3).
2, 7
Suppose -674*o + 22484467 = -21051215. What are the prime factors of o?
3, 7177
Let o(s) = s**3 - 7*s**2 - 6*s - 9. Let v be o(8). Suppose 5*c - q + 12 = 47, 0 = -c + 5*q - 17. Suppose -v*g + c*g = 15. What are the prime factors of g?
3, 5
Let b = -1174 - -880. Let q = -570 - -365. Let x = q - b. List the prime factors of x.
89
Let b(p) be the third derivative of p**4/12 + 25*p**3/6 - 6*p**2. Let y be b(-11). Suppose -5*r + 287 = y*d + d, -4*d + 4*r = -296. List the prime factors of d.
73
Let p be 195/(-52)*16/(-10). Suppose p*f - 51328 = -26*f. List the prime factors of f.
2, 401
Suppose -p = 14664 - 23301. List the prime factors of p.
3, 2879
Let v(m) = m**2 + 11. Suppose 5*i - 48 = 2. Let y be v(i). Let t = -36 + y. What are the prime factors of t?
3, 5
Suppose -4*x - 22 = -2*b, 0 = -2*x + 7*x - 5*b + 25. Let u(k) be the second derivative of k**4/4 - 3*k**2/2 - 23*k. What are the prime factors of u(x)?
3, 5, 7
Let s = 450 - -666. Suppose t + s = 5*t. What are the prime factors of t?
3, 31
List the prime factors of (-3111345)/(-40) + (-99)/(-264).
2, 3, 7, 463
Let j(k) = -2*k**2 + k - 3. Let d be j(2). Let z = d + 12. List the prime factors of ((-2)/1 - 218/(-6))*z.
103
Suppose 0 = 6*m + 1686 - 48. Let n = m + 404. Suppose 4*d = n + 213. List the prime factors of d.
2, 43
Suppose -l = h - 0*l - 12, 0 = -4*h - 3*l + 44. Let x be (-30 - 2)*(-44)/h. Let a = -73 + x. What are the prime factors of a?
103
Suppose -29 + 194 = -5*i. Let f = -33 - i. Suppose f = -3*h - 3*h + 282. List the prime factors of h.
47
Suppose 0 = 9*p + 109 + 26. Let l be p/(-30) - (-14)/4. Suppose w = 183 + l. List the prime factors of w.
11, 17
Suppose 106 + 3 = z. Suppose 67 = -y + z. What are the prime factors of y?
2, 3, 7
Let d = 13840 - -5859. List the prime factors of d.
19699
Let t(b) be the first derivative of 13*b**5/60 - b**4/12 + b**3/3 + 6*b**2 + 4. Let c(r) be the second derivative of t(r). What are the prime factors of c(-2)?
2, 29
Let k be (-